{"id":42,"date":"2020-01-15T03:08:16","date_gmt":"2020-01-15T03:08:16","guid":{"rendered":"https:\/\/montieri.co\/?page_id=42"},"modified":"2021-01-10T19:01:33","modified_gmt":"2021-01-11T00:01:33","slug":"servicios","status":"publish","type":"page","link":"https:\/\/montieri.co\/index.php\/servicios\/","title":{"rendered":"Servicios"},"content":{"rendered":"<div class=\"subtitle\" style=\"font-size:15px; color:#111111; text-align:;\">En Montieri S.A.S. estamos enfocados en brindar servicios de ingenier\u00eda estructural, pavimentos, construcci\u00f3n, gerencia integral de proyectos de construcci\u00f3n y evaluaci\u00f3n de proyectos de inversi\u00f3n. A continuaci\u00f3n, podr\u00e1 encontrar informaci\u00f3n m\u00e1s detallada:<\/div>\n<div class=\"offercontent\">\r\n\t\t   <a href=\"https:\/\/montieri.co\/index.php\/servicios\/disenos-estructurales\/\">\r\n\t\t   <div class=\"content-overlay\"><\/div>\r\n\t\t    <img src=\"https:\/\/montieri.co\/wp-content\/uploads\/2020\/01\/structure-wood-beam-steel-ceiling-line-727-pxhere.com-2.jpg\" \/>\r\n\t\t    <div class=\"content-details fadeIn-right\">\t\t     \r\n\t\t\t  <h3>Dise\u00f1os Estructurales<\/h3>\r\n\t\t\t  <p>Realizamos dise\u00f1os estructurales, estudios de vulnerabilidad s\u00edsmica y de rehabilitaci\u00f3n para casas, edificios, cubiertas, bodegas, piscinas, muros, tanques, etc., as\u00ed mismo, como la revisi\u00f3n independiente de dise\u00f1os para proyectos superiores a 2000m\u00b2<\/p>\r\n\t\t   <\/div>\r\n\t\t <\/a>  \r\n\t<\/div>\n<div class=\"offercontent\">\r\n\t\t   <a href=\"https:\/\/montieri.co\/index.php\/servicios\/inspeccion-de-puentes\/\">\r\n\t\t   <div class=\"content-overlay\"><\/div>\r\n\t\t    <img src=\"https:\/\/montieri.co\/wp-content\/uploads\/2021\/01\/000730-scaled.jpg\" \/>\r\n\t\t    <div class=\"content-details fadeIn-right\">\t\t     \r\n\t\t\t  <h3>Inspecci\u00f3n de Puentes<\/h3>\r\n\t\t\t  <p>Realizamos la inspecci\u00f3n visual de puentes, generaci\u00f3n de fichas y calificaci\u00f3n tipo SIPUCOL como metodolog\u00eda para establecer el estado de las estructuras.<\/p>\r\n\t\t   <\/div>\r\n\t\t <\/a>  \r\n\t<\/div>\n<div class=\"offercontent\">\r\n\t\t   <a href=\"https:\/\/montieri.co\/index.php\/infraestructura-vial\/\">\r\n\t\t   <div class=\"content-overlay\"><\/div>\r\n\t\t    <img src=\"https:\/\/montieri.co\/wp-content\/uploads\/2020\/01\/road-traffic-street-highway-urban-asphalt-1359234-pxhere.com-1.jpg\" \/>\r\n\t\t    <div class=\"content-details fadeIn-left\">\t\t     \r\n\t\t\t  <h3>Infraestructura Vial<\/h3>\r\n\t\t\t  <p>Estudios relacionados con infraestructura de v\u00edas terrestres, puertos y aeropuertos, siendo especialistas en campos como la geotecnia, pavimentos, tr\u00e1nsito, drenajes y estructuras.<\/p>\r\n\t\t   <\/div>\r\n\t\t <\/a>  \r\n\t<\/div>\n<div class=\"offercontent\">\r\n\t\t   <a href=\"https:\/\/montieri.co\/index.php\/construccion-de-obra\/\">\r\n\t\t   <div class=\"content-overlay\"><\/div>\r\n\t\t    <img src=\"https:\/\/montieri.co\/wp-content\/uploads\/2020\/01\/building-construction-equipment-industrial-grinder-helmet-756698-pxhere.com-2.jpg\" \/>\r\n\t\t    <div class=\"content-details fadeIn-bottom\">\t\t     \r\n\t\t\t  <h3>Construcci\u00f3n de Obra<\/h3>\r\n\t\t\t  <p>Planeamos y dirigimos las actividades de construcci\u00f3n de su obra, cumpliendo con los reglamentos de construcci\u00f3n y especificaciones t\u00e9cnicas.<\/p>\r\n\t\t   <\/div>\r\n\t\t <\/a>  \r\n\t<\/div>\n<div class=\"offercontent\">\r\n\t\t   <a href=\"https:\/\/montieri.co\/index.php\/gerencia-de-proyectos\/\">\r\n\t\t   <div class=\"content-overlay\"><\/div>\r\n\t\t    <img src=\"https:\/\/montieri.co\/wp-content\/uploads\/2020\/01\/H5E37C-2.jpg\" \/>\r\n\t\t    <div class=\"content-details fadeIn-top\">\t\t     \r\n\t\t\t  <h3>Gerencia de Proyectos<\/h3>\r\n\t\t\t  <p>Gesti\u00f3n de Direcci\u00f3n, Administraci\u00f3n y Control de los intereses de los propietarios o inversionistas, para el desarrollo de proyectos de construcci\u00f3n de edificaciones verticales e infraestructura. Esta labor involucra el ciclo de vida completo del proyecto de construcci\u00f3n.<\/p>\r\n\t\t   <\/div>\r\n\t\t <\/a>  \r\n\t<\/div>\n<div class=\"offercontent\">\r\n\t\t   <a href=\"https:\/\/montieri.co\/index.php\/interventoria\/\">\r\n\t\t   <div class=\"content-overlay\"><\/div>\r\n\t\t    <img src=\"https:\/\/montieri.co\/wp-content\/uploads\/2020\/01\/writing-architecture-newspaper-architect-paper-brand-1110341-pxhere.com-8.jpg\" \/>\r\n\t\t    <div class=\"content-details fadeIn-bottom\">\t\t     \r\n\t\t\t  <h3>Interventor\u00eda<\/h3>\r\n\t\t\t  <p>Realizamos la interventor\u00eda t\u00e9cnica, administrativa, legal y financiera a proyectos de consultor\u00eda de estudios y dise\u00f1os y proyectos de obra de construcci\u00f3n.<\/p>\r\n\t\t   <\/div>\r\n\t\t <\/a>  \r\n\t<\/div>\n<div class=\"offercontent\">\r\n\t\t   <a href=\"https:\/\/montieri.co\/index.php\/evaluacion-de-proyectos-de-inversion\/\">\r\n\t\t   <div class=\"content-overlay\"><\/div>\r\n\t\t    <img src=\"https:\/\/montieri.co\/wp-content\/uploads\/2020\/01\/charts-computer-data-desk-diagram-document-1562867-pxhere.com-1-2.jpg\" \/>\r\n\t\t    <div class=\"content-details fadeIn-right\">\t\t     \r\n\t\t\t  <h3>Evaluaci\u00f3n de Proyectos de Inversi\u00f3n<\/h3>\r\n\t\t\t  <p>Evaluamos t\u00e9cnica y financieramente los proyectos que quiera emprender en el campo de la construcci\u00f3n.<\/p>\r\n\t\t   <\/div>\r\n\t\t <\/a>  \r\n\t<\/div>\n","protected":false},"excerpt":{"rendered":"","protected":false},"author":1,"featured_media":0,"parent":0,"menu_order":0,"comment_status":"closed","ping_status":"closed","template":"template-full-width.php","meta":[],"_links":{"self":[{"href":"https:\/\/montieri.co\/index.php\/wp-json\/wp\/v2\/pages\/42"}],"collection":[{"href":"https:\/\/montieri.co\/index.php\/wp-json\/wp\/v2\/pages"}],"about":[{"href":"https:\/\/montieri.co\/index.php\/wp-json\/wp\/v2\/types\/page"}],"author":[{"embeddable":true,"href":"https:\/\/montieri.co\/index.php\/wp-json\/wp\/v2\/users\/1"}],"replies":[{"embeddable":true,"href":"https:\/\/montieri.co\/index.php\/wp-json\/wp\/v2\/comments?post=42"}],"version-history":[{"count":6,"href":"https:\/\/montieri.co\/index.php\/wp-json\/wp\/v2\/pages\/42\/revisions"}],"predecessor-version":[{"id":667,"href":"https:\/\/montieri.co\/index.php\/wp-json\/wp\/v2\/pages\/42\/revisions\/667"}],"wp:attachment":[{"href":"https:\/\/montieri.co\/index.php\/wp-json\/wp\/v2\/media?parent=42"}],"curies":[{"name":"wp","href":"https:\/\/api.w.org\/{rel}","templated":true}]}}