{"id":50,"date":"2020-01-15T03:08:16","date_gmt":"2020-01-15T03:08:16","guid":{"rendered":"https:\/\/montieri.co\/?page_id=50"},"modified":"2020-01-27T22:37:02","modified_gmt":"2020-01-28T03:37:02","slug":"infraestructura-vial","status":"publish","type":"page","link":"https:\/\/montieri.co\/index.php\/infraestructura-vial\/","title":{"rendered":"Infraestructura Vial"},"content":{"rendered":"\n<p class=\"has-text-align-center\">MONTIERI S.A.S. realiza todo tipo de estudios relacionados con la infraestructura de v\u00edas terrestres, puertos y aeropuertos, siendo especialistas en campos como la Geotecnia, Pavimentos<strong>, <\/strong>Tr\u00e1nsito<strong>,<\/strong> Drenajes y Estructuras.<\/p>\n\n\n\n<figure class=\"wp-block-image size-large\"><img src=\"https:\/\/montieri.co\/wp-content\/uploads\/2020\/01\/image-11-1024x605.png\" alt=\"\" class=\"wp-image-493\"\/><\/figure>\n\n\n\n<p style=\"color:#0a4274;font-size:22px\" class=\"has-text-color has-text-align-center\"><strong>MONTIERI S.A.S. cubre las siguientes \u00e1reas de la Infraestructura Vial:<\/strong><\/p>\n\n\n\n<ul><li> Planificaci\u00f3n y Construcci\u00f3n<\/li><li> Planes de conservaci\u00f3n, mantenimiento y operaci\u00f3n. <\/li><li>Asistencia T\u00e9cnica<\/li><li>Control y Supervisi\u00f3n<\/li><\/ul>\n\n\n\n<p>Proporcionamos igualmente una Oficina T\u00e9cnica en el lugar de ejecuci\u00f3n de las obras para la asistencia en las siguientes gestiones:<\/p>\n\n\n\n<ul><li> Consultor\u00eda en la direcci\u00f3n de obra<\/li><li> Apoyo t\u00e9cnico para la resoluci\u00f3n de problemas durante la etapa de&nbsp; obra.<\/li><li>Coordinaci\u00f3n, gesti\u00f3n y control de servicios.<\/li><li>C\u00e1lculos y Dise\u00f1os<\/li><\/ul>\n\n\n\n<p>Disponemos de un equipo multidisciplinario con experiencia en proyectos con Entidades P\u00fablicas y empresas privadas.<\/p>\n\n\n\n<div style=\"height:20px\" aria-hidden=\"true\" class=\"wp-block-spacer\"><\/div>\n\n\n\n<p style=\"font-size:25px\"><strong>\u00bfTiene dudas, comentarios o prefiere que un profesional se ponga en contacto con usted?<\/strong> <\/p>\n\n\n\n<p>Por favor ingrese la informaci\u00f3n a continuaci\u00f3n, y en el menor tiempo posible ser\u00e1 contactado por un miembro de nuestra compa\u00f1\u00eda. <\/p>\n\n\n<div class=\"wpforms-container wpforms-container-full\" id=\"wpforms-378\"><form id=\"wpforms-form-378\" class=\"wpforms-validate wpforms-form\" data-formid=\"378\" method=\"post\" enctype=\"multipart\/form-data\" action=\"\/index.php\/wp-json\/wp\/v2\/pages\/50\" data-token=\"e0981c65f5c2536c054746c9354d5b58\"><noscript class=\"wpforms-error-noscript\">Por favor, activa JavaScript en tu navegador para completar este formulario.<\/noscript><div class=\"wpforms-field-container\"><div id=\"wpforms-378-field_1-container\" class=\"wpforms-field wpforms-field-name\" data-field-id=\"1\"><label class=\"wpforms-field-label\" for=\"wpforms-378-field_1\">Nombre <span class=\"wpforms-required-label\">*<\/span><\/label><input type=\"text\" id=\"wpforms-378-field_1\" class=\"wpforms-field-medium wpforms-field-required\" name=\"wpforms[fields][1]\" required><\/div><div id=\"wpforms-378-field_2-container\" class=\"wpforms-field wpforms-field-email\" data-field-id=\"2\"><label class=\"wpforms-field-label\" for=\"wpforms-378-field_2\">Email <span class=\"wpforms-required-label\">*<\/span><\/label><input type=\"email\" id=\"wpforms-378-field_2\" class=\"wpforms-field-medium wpforms-field-required\" name=\"wpforms[fields][2]\" required><\/div><div id=\"wpforms-378-field_6-container\" class=\"wpforms-field wpforms-field-number\" data-field-id=\"6\"><label class=\"wpforms-field-label\" for=\"wpforms-378-field_6\">N\u00famero de Contacto <span class=\"wpforms-required-label\">*<\/span><\/label><input type=\"number\" pattern=\"\\d*\" id=\"wpforms-378-field_6\" class=\"wpforms-field-small wpforms-field-required\" name=\"wpforms[fields][6]\" required><div class=\"wpforms-field-description\">Describa su n\u00famero de tel\u00e9fono celular o fijo<\/div><\/div><div id=\"wpforms-378-field_4-container\" class=\"wpforms-field wpforms-field-textarea\" data-field-id=\"4\"><label class=\"wpforms-field-label\" for=\"wpforms-378-field_4\">Comentarios <span class=\"wpforms-required-label\">*<\/span><\/label><textarea id=\"wpforms-378-field_4\" class=\"wpforms-field-medium wpforms-field-required\" name=\"wpforms[fields][4]\" required><\/textarea><\/div><\/div><div class=\"wpforms-field wpforms-field-hp\"><label for=\"wpforms-378-field-hp\" class=\"wpforms-field-label\">Comment<\/label><input type=\"text\" name=\"wpforms[hp]\" id=\"wpforms-378-field-hp\" class=\"wpforms-field-medium\"><\/div><div class=\"wpforms-recaptcha-container wpforms-is-recaptcha\" ><div class=\"g-recaptcha\" data-sitekey=\"6Les1NAUAAAAABOrqNMBc-_o3I7HZXYN21EkjRYM\" data-size=\"invisible\"><\/div><\/div><div class=\"wpforms-submit-container\" ><input type=\"hidden\" name=\"wpforms[id]\" value=\"378\"><input type=\"hidden\" name=\"wpforms[author]\" value=\"1\"><button type=\"submit\" name=\"wpforms[submit]\" class=\"wpforms-submit \" id=\"wpforms-submit-378\" value=\"wpforms-submit\" aria-live=\"assertive\" data-alt-text=\"Enviado...\" data-submit-text=\"Enviar\">Enviar<\/button><\/div><\/form><\/div>  <!-- .wpforms-container -->\n\n<div class=\"custombtn\" style=\"text-align:center\">\t\r\n\t   <a class=\"morebutton\" href=\"https:\/\/montieri.co\/index.php\/servicios\/\" target\"\">Ver m\u00e1s servicios<\/a>\t   \t   \r\n\t<\/div>\n","protected":false},"excerpt":{"rendered":"<p>MONTIERI S.A.S. realiza todo tipo de estudios relacionados con la infraestructura de v\u00edas terrestres, puertos y aeropuertos, siendo especialistas en campos como la Geotecnia, Pavimentos, Tr\u00e1nsito, Drenajes y Estructuras. MONTIERI S.A.S. cubre las siguientes \u00e1reas de la Infraestructura Vial: Planificaci\u00f3n y Construcci\u00f3n Planes de conservaci\u00f3n, mantenimiento y operaci\u00f3n. Asistencia T\u00e9cnica Control y Supervisi\u00f3n Proporcionamos igualmente una Oficina T\u00e9cnica en el lugar de ejecuci\u00f3n de las obras para la asistencia en las siguientes gestiones: Consultor\u00eda en la direcci\u00f3n de obra Apoyo t\u00e9cnico para la resoluci\u00f3n de problemas durante la etapa de&nbsp; obra. Coordinaci\u00f3n, gesti\u00f3n y control de servicios. C\u00e1lculos y Dise\u00f1os&#8230; <\/p>\n","protected":false},"author":1,"featured_media":558,"parent":0,"menu_order":0,"comment_status":"closed","ping_status":"closed","template":"template-no-sidebar.php","meta":[],"_links":{"self":[{"href":"https:\/\/montieri.co\/index.php\/wp-json\/wp\/v2\/pages\/50"}],"collection":[{"href":"https:\/\/montieri.co\/index.php\/wp-json\/wp\/v2\/pages"}],"about":[{"href":"https:\/\/montieri.co\/index.php\/wp-json\/wp\/v2\/types\/page"}],"author":[{"embeddable":true,"href":"https:\/\/montieri.co\/index.php\/wp-json\/wp\/v2\/users\/1"}],"replies":[{"embeddable":true,"href":"https:\/\/montieri.co\/index.php\/wp-json\/wp\/v2\/comments?post=50"}],"version-history":[{"count":10,"href":"https:\/\/montieri.co\/index.php\/wp-json\/wp\/v2\/pages\/50\/revisions"}],"predecessor-version":[{"id":508,"href":"https:\/\/montieri.co\/index.php\/wp-json\/wp\/v2\/pages\/50\/revisions\/508"}],"wp:featuredmedia":[{"embeddable":true,"href":"https:\/\/montieri.co\/index.php\/wp-json\/wp\/v2\/media\/558"}],"wp:attachment":[{"href":"https:\/\/montieri.co\/index.php\/wp-json\/wp\/v2\/media?parent=50"}],"curies":[{"name":"wp","href":"https:\/\/api.w.org\/{rel}","templated":true}]}}